d by 14?
13
Suppose o + 3*t - 64 = 0, -277 = -4*o - 0*o - 5*t. What is the remainder when o is divided by 25?
23
Suppose 25 - 1 = 3*c - 2*h, -36 = -5*c + 2*h. Suppose -2*d + 2*r = -18, 4*d - 2*r - 3*r = 34. What is the remainder when d is divided by (-8)/c - 132/(-18)?
5
Suppose 0*z + 50 = z. Let q = 48 + -24. Let i = z - q. What is the remainder when i is divided by 14?
12
Suppose 3*g - 45 - 9 = 0. Suppose 5*k = k - 48. Let c = k + 22. Calculate the remainder when g is divided by c.
8
Let w = 16 - 23. What is the remainder when (-35)/(((-28)/(-8))/w) is divided by 18?
16
Let s(p) = p**3 - 7*p**2 - 6*p + 4. What is the remainder when 76 is divided by s(8)?
16
Suppose -3*v + 37 = -q, -q - v - 13 = 2*v. Calculate the remainder when (-2)/(-5) + (-565)/q is divided by 13.
10
Let s(n) = 7*n**3 - 2*n**2 + 1. Calculate the remainder when s(1) is divided by 1.
0
Suppose o = 2*o - 4. Suppose -o*n + 104 = -0*n. Calculate the remainder when 77 is divided by n.
25
Let z = 100 + -35. Calculate the remainder when z is divided by 15.
5
Let v = -38 - -148. What is the remainder when v is divided by 16?
14
Let n = -17 + 33. Let v = 1 + -1. Suppose v = 3*i - n - 11. Calculate the remainder when 26 is divided by i.
8
Let x be (-2)/5 - 17/(-5). Let a = 3 - x. Suppose -4*y + v + a = -8, v = 3*y - 7. What is the remainder when 1 is divided by y?
0
Suppose -7*b + 2*b = -40. Suppose 2 = -5*t + 27. Calculate the remainder when b is divided by t.
3
Let j = -14 + 29. Let a be (-26 - -2) + 1*2. What is the remainder when a*1/(-2)*4 is divided by j?
14
What is the remainder when -2*(-1)/2*33 is divided by 12?
9
Suppose 0 = 5*t - 23 - 47. What is the remainder when 39 is divided by t?
11
Suppose -2*l = -6*f + 2*f + 36, -4*l = -3*f + 37. Suppose -4*t + 2*t = 0. Suppose -2*i + t*i = -36. What is the remainder when i is divided by f?
4
Let q = -23 - 9. Calculate the remainder when 39 is divided by q/(-3) - (-8)/(-12).
9
Let o(x) = -2*x - 8. Let r be o(-4). Suppose r = -2*s + 14 + 4. What is the remainder when 26 is divided by s?
8
Let q = 108 + -70. Let p = 77 + -53. Suppose 0 = 4*r + 4, -2*b - 4*r = -2*r - p. Calculate the remainder when q is divided by b.
12
Calculate the remainder when -3 + -1 + (-30)/(-2) is divided by 4.
3
Suppose -4*d + 55 = d. Let s be 1/(-2)*(4 + -4). Suppose y = -s*y + 4. Calculate the remainder when d is divided by y.
3
Suppose 44 = -0*h + 4*h. Let l be ((-8)/24)/((-1)/9). Suppose l*n + 6 = 102. Calculate the remainder when n is divided by h.
10
Let s = -21 + 30. Suppose s = c - 7. Calculate the remainder when 47 is divided by c.
15
Calculate the remainder when 38 is divided by (4 - 4) + 2 + 19.
17
Let t = 150 + 70. What is the remainder when 59 is divided by t/15 + (-1)/(-3)?
14
Let d = -11 + 12. Let w(v) = 18*v - 1. What is the remainder when w(d) is divided by 9?
8
Suppose 0*b - b + 9 = 0. Calculate the remainder when 24 is divided by b.
6
Let l = 119 - 85. What is the remainder when l is divided by 12?
10
Let z(k) be the second derivative of -k**3/6 + k**2/2 + 2*k. Let v = 51 - 29. What is the remainder when v is divided by z(-11)?
10
Let k = -25 + 27. Calculate the remainder when 4 is divided by k.
0
Suppose -2*r - 420 = -4*n, 2*n + 2*r - 202 = 5*r. Suppose -4*c + 5 + 108 = -5*j, -n = -4*c - j. What is the remainder when c is divided by 15?
12
Let v be -1*(1 + -6) + -3. What is the remainder when 2/6 - 339/(-9) is divided by (6/(-18))/(v/(-78))?
12
Suppose 2*i = 2*j - 74, -5*j + 3*i + 0*i + 185 = 0. Calculate the remainder when j is divided by 11.
4
Suppose -40 = -11*i + 9*i. Suppose 2*p - 3 = 4*f - 5, 16 = 2*f + 4*p. Suppose 5*t - 46 = f*s - 13, 5*t = 4*s + 31. What is the remainder when i is divided by t?
6
Let n(q) = -q**2 + q + 2. Let j be n(0). Let y(f) = f**3 - f**2 + f - 2. Let g = -4 - -7. What is the remainder when y(j) is divided by g?
1
What is the remainder when (-4)/10 + (-94)/(-10) is divided by (2/3)/((-18)/(-135))?
4
Let g = 13 + -11. Suppose -w + 17 = 3*f - f, g*f + 37 = w. Calculate the remainder when 53 is divided by w.
26
Suppose 0 = -t + 5*t + 16, -5*z = 3*t - 53. Suppose 3*q - 72 = -4*s, 24 = q - 4*s + 2*s. What is the remainder when q is divided by z?
11
Suppose -243 = -8*i + 3*i + 4*n, -3*i = -4*n - 149. Calculate the remainder when i is divided by 17.
13
Suppose k - 2*n = 55, -12*k - 5*n + 143 = -9*k. Suppose -4*i + 14 + 94 = 0. Calculate the remainder when k is divided by i.
24
Let b(u) = -u**3 - 7*u**2 - 3*u - 16. What is the remainder when 19 is divided by b(-7)?
4
Suppose -b - 3*b = -92. Suppose 0 = -2*p + 4*a + 44, 5*p - 67 = 2*a + 3. What is the remainder when b is divided by p?
11
Let d = 11 + 11. What is the remainder when d is divided by (-2)/1 - 5*-2?
6
Let o = 14 + 4. Calculate the remainder when 35 is divided by o.
17
Suppose 78 = 5*r + 5*m - 4*m, -5*r - 5*m + 70 = 0. What is the remainder when 31 is divided by r?
15
Suppose 5*x - 17 = 33. Calculate the remainder when 17 is divided by x.
7
Let b be 3*(-3)/(-2 - 1). Suppose 0*n - b*n = 4*w - 15, 2 = 2*n. What is the remainder when w is divided by 2?
1
Let a = 8 - 26. Let p be (-6)/a + (-11)/(-3). Suppose p*c - 33 = -5. What is the remainder when c is divided by 4?
3
Suppose 0 = -2*a + a + 180. Suppose -3*s - 2*s + a = 0. Suppose -5*r + s = -44. What is the remainder when r is divided by 6?
4
Suppose c - 2*g = 2*c + 148, 3*c - 4*g = -414. Let d = 269 + c. Calculate the remainder when d is divided by 32.
31
Suppose 8 = 4*l + 5*o - o, 4*l + 2*o = 8. Let n be 4 + l + (-1 - 1). Suppose n*i + 30 = 9*i. What is the remainder when 17 is divided by i?
5
Suppose 0*v = 2*v - 26. What is the remainder when (110 + 1)*17/51 is divided by v?
11
Suppose 2*b - 6*b = -8, -4*z + 2*b = -12. Let a(d) = 2*d**2 - 6*d + 4. Let m(g) = -3*g + 6. Calculate the remainder when m(-9) is divided by a(z).
9
Let k be (-3 - 13/2)/((-2)/(-4)). Suppose 3*a + 5*g - 25 = 105, -g = 2*a - 89. Let f = a + k. What is the remainder when f is divided by 7?
5
Let s = -5 + 11. Let d = s - 4. Calculate the remainder when 25 is divided by -2 + (1 - d) + 16.
12
Suppose -32 = -4*i + 48. Let l = i + -10. Suppose -3*a = s - 89, 5*s - 54 = -2*a + 14. Calculate the remainder when a is divided by l.
9
Let m(g) = 8*g. What is the remainder when 125 is divided by m(4)?
29
Suppose 8*d = 7*d + 14. Suppose -5 = 2*o - 15. What is the remainder when d is divided by o?
4
Suppose 4*b - 2*b = -12. Let p(l) = -l**2 - 13*l - 7. Let t be p(b). Suppose 3*o = 4*d - 2*o - t, 5*d + 2*o = 85. What is the remainder when 29 is divided by d?
14
Suppose -5*k = -2*y + 100, -2*y = 3*k - 5*y + 51. Let f = 65 + k. What is the remainder when f is divided by 11?
10
Let j(a) = -a**3 + a**2 + 27. What is the remainder when j(0) is divided by 15?
12
Suppose 2*r = -4*c + 2*c + 22, 3*r - 51 = -5*c. Suppose 2*b = 2*i - 0*i - 4, i = 4*b - 1. What is the remainder when c is divided by i?
0
Suppose 4*i + 8 = -2*c + 20, c = 5*i - 8. Suppose -u = -i*u + 12. Calculate the remainder when 45 is divided by u.
9
Let n(l) = l**2 + 8*l - 4. Calculate the remainder when 13 is divided by n(-9).
3
Suppose 2*y = 3*t - 35, 0*y + 3*y + 4*t = -10. Let v = 15 + y. Calculate the remainder when 17 is divided by v.
2
Suppose 77 = 3*g + 4*t - 8*t, 5*g - 3*t - 110 = 0. Let o = g + -10. Let c = 7 + o. What is the remainder when 30 is divided by c?
14
Let d(q) = 1 + q - 2 - 2. Let u be d(5). Calculate the remainder when 10 is divided by 170/45 + u/9.
2
Let s = -27 + 29. Calculate the remainder when s is divided by 1.
0
Let q(c) = 3*c - 3. What is the remainder when q(4) is divided by 6?
3
Suppose 0 = -2*w - 0*w + 12. Let h = -3 + w. Calculate the remainder when h is divided by 12/9 + 4/6.
1
Let c be (6/(-9))/(4/(-6)). Calculate the remainder when 11 is divided by 12/(0 - -3) - c.
2
What is the remainder when (15/4)/(4/32) is divided by 13?
4
Calculate the remainder when -1*(-42)/(-4)*-2 is divided by 11.
10
What is the remainder when 45 is divided by ((-35)/(-10) - 4)/(2/(-76))?
7
What is the remainder when 4 - (144 + -2)/(-2) is divided by 19?
18
Suppose -5*n + 30 = v + v, 5*v = 3*n - 18. Calculate the remainder when ((-3)/6)/(1/(-46)) is divided by n.
5
Calculate the remainder when 7 is divided by (-57)/(-12) + (-6)/8.
3
Let m(l) = -l**3 - l**2 + l - 3. Let w(b) = 2